e remainder when 4612187 is divided by 534.
29
What is the remainder when 11344 is divided by 3551?
691
What is the remainder when 72627 is divided by 1274?
9
Calculate the remainder when 394783 is divided by 197380.
23
Calculate the remainder when 4414782 is divided by 646.
18
Calculate the remainder when 23959475 is divided by 438.
437
Calculate the remainder when 231740 is divided by 4291.
26
What is the remainder when 100775 is divided by 690?
35
What is the remainder when 11698007 is divided by 158081?
13
What is the remainder when 74468 is divided by 74459?
9
What is the remainder when 107771594 is divided by 15?
14
Calculate the remainder when 123240960 is divided by 308.
304
What is the remainder when 2581596 is divided by 3226?
796
What is the remainder when 310393 is divided by 15896?
8369
Calculate the remainder when 3942089 is divided by 917.
823
What is the remainder when 101675 is divided by 6354?
11
Calculate the remainder when 203195 is divided by 513.
47
Calculate the remainder when 14086260 is divided by 26.
6
Calculate the remainder when 162393 is divided by 69.
36
What is the remainder when 212781 is divided by 30015?
2676
Calculate the remainder when 2082495 is divided by 334.
5
What is the remainder when 9191224 is divided by 2270?
2264
Calculate the remainder when 216504 is divided by 215938.
566
Calculate the remainder when 12166079 is divided by 92.
91
Calculate the remainder when 8280076 is divided by 1035008.
12
What is the remainder when 599755389 is divided by 130?
129
Calculate the remainder when 177559 is divided by 2651.
2593
Calculate the remainder when 5324239 is divided by 2662117.
5
Calculate the remainder when 675390 is divided by 96466.
128
What is the remainder when 516015 is divided by 33?
27
Calculate the remainder when 1109578 is divided by 26.
2
What is the remainder when 30219 is divided by 3109?
2238
Calculate the remainder when 1645295 is divided by 604.
603
What is the remainder when 114900 is divided by 104?
84
Calculate the remainder when 120230 is divided by 6675.
80
What is the remainder when 3302585 is divided by 546?
377
What is the remainder when 2669560 is divided by 4561?
1375
Calculate the remainder when 834965 is divided by 243.
17
Calculate the remainder when 8218436 is divided by 9414.
14
Calculate the remainder when 56867 is divided by 231.
41
What is the remainder when 6320572 is divided by 4131?
142
What is the remainder when 31982 is divided by 10617?
131
What is the remainder when 1253223 is divided by 54?
45
Calculate the remainder when 213792 is divided by 21373.
62
Calculate the remainder when 214417 is divided by 3972.
3901
What is the remainder when 14685 is divided by 1324?
121
Calculate the remainder when 12474615 is divided by 1757.
1672
Calculate the remainder when 23194 is divided by 2370.
1864
What is the remainder when 4181530 is divided by 95?
10
What is the remainder when 1978375 is divided by 433?
431
Calculate the remainder when 13366290 is divided by 1434.
1410
Calculate the remainder when 32912868 is divided by 728.
716
Calculate the remainder when 2320403 is divided by 386732.
11
What is the remainder when 15232019 is divided by 160?
19
Calculate the remainder when 747708 is divided by 1216.
1084
Calculate the remainder when 3093431 is divided by 1546715.
1
What is the remainder when 31002919 is divided by 61?
35
What is the remainder when 40738897 is divided by 20?
17
What is the remainder when 64749 is divided by 1544?
1445
Calculate the remainder when 383056 is divided by 1144.
960
Calculate the remainder when 26886 is divided by 26469.
417
What is the remainder when 1719026 is divided by 61393?
22
Calculate the remainder when 138989 is divided by 1695.
1694
Calculate the remainder when 21632360 is divided by 10816170.
20
What is the remainder when 91885 is divided by 432?
301
What is the remainder when 10332143 is divided by 2583031?
19
What is the remainder when 1039084 is divided by 94460?
24
Calculate the remainder when 11744075 is divided by 1137.
2
What is the remainder when 4001 is divided by 24?
17
What is the remainder when 15163 is divided by 528?
379
What is the remainder when 246072 is divided by 164?
72
Calculate the remainder when 2379466 is divided by 15863.
16
Calculate the remainder when 9303931 is divided by 218.
127
Calculate the remainder when 101002479 is divided by 5023.
5018
Calculate the remainder when 73359514 is divided by 15.
4
What is the remainder when 84859 is divided by 1137?
721
What is the remainder when 104263 is divided by 1144?
159
What is the remainder when 839875 is divided by 839863?
12
What is the remainder when 584206 is divided by 72526?
3998
Calculate the remainder when 11355224 is divided by 659.
654
What is the remainder when 198868 is divided by 1690?
1138
What is the remainder when 1376583 is divided by 127?
30
Calculate the remainder when 107248 is divided by 13388.
144
What is the remainder when 5006305 is divided by 1035?
10
What is the remainder when 121517 is divided by 510?
137
What is the remainder when 2287282 is divided by 5175?
5107
What is the remainder when 181944 is divided by 3329?
2178
What is the remainder when 247729 is divided by 3343?
347
What is the remainder when 12589 is divided by 812?
409
Calculate the remainder when 656376 is divided by 656233.
143
What is the remainder when 2601587 is divided by 6504?
6491
Calculate the remainder when 727539 is divided by 169.
163
What is the remainder when 30970 is divided by 172?
10
What is the remainder when 2301360 is divided by 328761?
33
Calculate the remainder when 6317 is divided by 465.
272
What is the remainder when 668395 is divided by 133676?
15
Calculate the remainder when 32168919 is divided by 88.
79
What is the remainder when 1985179 is divided by 543?
514
What is the remainder when 1224023 is divided by 13753?
6
Calculate the remainder when 213022 is divided by 223.
57
What is the remainder when 1141722 is divided by 1562?
1462
What is the remainder when 217303 is divided by 1358?
23
Calculate the remainder when 481376 is divided by 68750.
126
Calculate the remainder when 21212 is divided by 9956.
1300
Calculate the remainder when 84206305 is divided by 221.
1
What is the remainder when 112917721 is divided by 182?
7
Calculate the remainder when 249813248 is divided by 13.
9
What is the remainder when 1558309 is divided by 74179?
550
Calculate the remainder when 66129 is divided by 7664.
4817
Calculate the remainder when 6207439 is divided by 2054.
251
Calculate the remainder when 4684360 is divided by 86746.
76
Calculate the remainder when 59547297 is divided by 867.
3
What is the remainder when 123349 is divided by 2548?
1045
Calculate the remainder when 520486 is divided by 1479.
1357
What is the remainder when 15352253 is divided by 558?
557
What is the remainder when 91528 is divided by 1682?
700
What is the remainder when 4530863 is divided by 48?
47
Calculate the remainder when 304135 is divided by 696.
679
Calculate the remainder when 1509 is divided by 22.
13
What is the remainder when 128777757 is divided by 4834?
4831
What is the remainder when 279854 is divided by 180?
134
What is the remainder when 218857709 is divided by 36?
29
Calculate the remainder when 76462615 is divided by 5943.
5920
Calculate the remainder when 576345 is divided by 590.
505
What is the remainder when 5271 is divided by 543?
384
What is the remainder when 20011653 is divided by 28?
25
What is the remainder when 73095474 is divided by 1431?
1425
What is the remainder when 10404737 is divided by 2080917?
152
Calculate the remainder when 8083964 is divided by 192.
188
Calculate the remainder when 19981215 is divided by 2257.
2251
What is the remainder when 10363991 is divided by 296109?
176
What is the remainder when 14074577 is divided by 10311?
62
What is the remainder when 1589517 is divided by 15894?
117
Calculate the remainder when 2221761 is divided by 6021.
12
Calculate the remainder when 4520381 is divided by 725.
6
Calculate the remainder when 4959448 is divided by 1653142.
22
What is the remainder when 15875 is divided by 1581?
65
What is the remainder when 1539341 is divided by 133?
132
What is the remainder when 172699177 is divided by 